m(b) = -5*b - 3. Let z be m(-6). Let w be 8/36 - (-32)/18. List the prime factors of z/3*(-1 + w).
3
Let b(f) = f**2 - 9*f + 7. Let p be -1*(3/1 + -12). List the prime factors of b(p).
7
Let t(h) = -2*h**3 - 6*h**2 - 2*h + 3. List the prime factors of t(-4).
43
Let l(k) = 25*k**2 + 2*k - 6. What are the prime factors of l(-2)?
2, 3, 5
Let s = 164 + -231. Let f = 114 + s. List the prime factors of f.
47
Let z be (294/8)/((-18)/(-96)). Suppose u = 2*j + 4*u - 81, -u = 5*j - z. What are the prime factors of j?
3, 13
Let q(j) = -j**3 + 5*j**2 - 3*j. Let o be q(4). Suppose -4*w + 5*w - 14 = -3*g, -2*w = o*g - 34. What are the prime factors of w?
23
Let j(i) = 2*i - 4*i + 2*i - 5*i. What are the prime factors of j(-1)?
5
List the prime factors of (1/(-1) - 0)/((-6)/342).
3, 19
Let t(n) = 2*n**2 + 3*n - 2. Let i be t(-3). Let q = i + 1. List the prime factors of q.
2
Suppose -a - 7 = 5*d - 1, -5*d - 3 = -2*a. Let f = 10 + a. What are the prime factors of f?
3
Let x(s) = -s**3 + s**2 + 8*s - 5. List the prime factors of x(-4).
43
Suppose j - 501 = -2*l, -4*j - 333 - 446 = -3*l. List the prime factors of l.
11, 23
Let n be ((-1)/4)/(2/(-16)). Suppose -4*d = -3*m + 157, -n*m + 3*m - 39 = -2*d. List the prime factors of m.
47
Let b(q) = -3*q - 1. Let u be b(-1). Let x be (-3)/(-4) - 1/(-4). List the prime factors of 1/u*x*20.
2, 5
Let y = -127 + 197. List the prime factors of y.
2, 5, 7
Let p be (0/(4/(-2)))/2. Suppose -3*w + 120 - 48 = p. What are the prime factors of w?
2, 3
Let k(n) = -n**2 - 2*n + 8. Let z be k(-7). Let r = 55 + z. List the prime factors of r.
2, 7
Let g be (-17)/(-6) + (-1)/(-6). Suppose -6*a + 45 = -g*a. List the prime factors of a.
3, 5
Suppose 0 = 2*d - 0*d. Let a(h) = 35*h**2 - h + 2. Let f be a(1). Suppose -4*g + f = -d*g. List the prime factors of g.
3
Let w(s) = -s**3 + 11. Suppose 2*f - 4 = -0*f. Suppose -f*v = -v. What are the prime factors of w(v)?
11
Let u = -104 - -231. List the prime factors of u.
127
List the prime factors of 2 - 1 - (-19 - 1).
3, 7
Let b(u) = 2*u. Let r be b(4). Let g(f) = f + 6. List the prime factors of g(r).
2, 7
Let d = 68 + 6. List the prime factors of d.
2, 37
Let a be 0/((-2 + 5)/3). Suppose a = 3*x + 3*v - 90, 3*x - 4*v = 41 + 28. List the prime factors of x.
3
Suppose 12 = -3*w, -4*o - 4*w + 492 = 168. What are the prime factors of o?
5, 17
Suppose 5*g - 13130 = 450. What are the prime factors of g/98 - (-2)/7?
2, 7
Suppose w + 5*h + 18 = 2*w, 2*h = 4*w - 72. List the prime factors of 896/w - 10/(-45).
2, 5
Let c = 2 + 2. Let h be 103/c - 6/8. Suppose 5*q + 6*x - x = h, -5 = -q - 2*x. List the prime factors of q.
5
Suppose -26 = -5*k + 2*p + 2*p, 4*p + 16 = 0. Suppose 84 = 2*l + k*l. List the prime factors of l.
3, 7
Let t = 4 + 2. Let g(k) = -k**2 - 7*k - 6. Let y be g(-5). List the prime factors of (-88)/(-12)*t/y.
11
Suppose 0*v - 144 = -3*v. List the prime factors of v.
2, 3
Suppose 0*n = -3*n + 273. What are the prime factors of n?
7, 13
Let z = 176 - 56. What are the prime factors of z?
2, 3, 5
Suppose 1046 = 9*p + 182. What are the prime factors of p?
2, 3
Suppose 3*x + 53 = 5*r, 4*r + 0 - 4 = 0. Let w = -1 - x. Suppose -u + k = 1 - 11, 0 = -5*k - w. What are the prime factors of u?
7
Let x(k) = -k - 2. Let u be x(5). Suppose 0 = -2*p - 6, 4*d + 5*p + 17 = 2*p. Let i = d - u. What are the prime factors of i?
5
Let h = -3 - -42. What are the prime factors of h?
3, 13
Let m = 54 - 14. What are the prime factors of m?
2, 5
Let n(o) = -o**3 - 14*o**2 - o - 1. Let j = -28 + 14. What are the prime factors of n(j)?
13
Suppose -51 = -2*a + 77. List the prime factors of a.
2
Suppose -9*t + 487 = -1790. List the prime factors of t.
11, 23
Let c(i) = -i**2 + 5*i + 2. Let u be c(5). Let d = u + 7. What are the prime factors of d?
3
Let f(o) = o**2 + 5*o + 4. Let c be f(-3). Let b(g) = -g**3 - 2*g**2 + g + 1. Let s be b(c). What are the prime factors of -3 - -2 - (-16 - s)?
2, 7
List the prime factors of ((-9)/((-135)/1284))/((-4)/(-10)).
2, 107
What are the prime factors of (3/(-5))/((-10)/850)?
3, 17
Let a(i) = i**3 + 5*i**2 + 2*i + 1. Let c = -7 - -4. Let p be a(c). Suppose v - p = -2. List the prime factors of v.
11
Suppose -d + 35 = -0. List the prime factors of d.
5, 7
Let s(t) = -t**3 - 9*t**2 + 2*t + 4. Let x be s(-9). Let o = x + 22. What are the prime factors of o?
2
Suppose 3*d + 6 = d. Let p be 0/(3 + d + 1). List the prime factors of p + (1 + 0)*3.
3
Suppose 2*k - 18 = 4*n, -k + 15 = -9*n + 4*n. Suppose -5 = -k*t - 0*t. Suppose -b + 6 = -t. List the prime factors of b.
7
Suppose -5*z + 3*z + t = -63, -5*z + 159 = -3*t. Suppose -2*y + 3*y - z = 0. What are the prime factors of y?
2, 3, 5
Suppose 5*a = 4*w - 88, w - 3*a = 5*w - 120. List the prime factors of w.
3
What are the prime factors of (-54)/(2 - 4) + -3?
2, 3
Suppose -5*c - 736 = -9*c. What are the prime factors of c?
2, 23
Let x(a) = 15*a**2 - 2*a + 3. Let d be x(2). Suppose -5*j - s - 2*s + 120 = 0, -5*s = -4*j + d. List the prime factors of j.
3, 7
Suppose j - 6*j = 0. Let h(r) = -r**2 + 2*r + 45. What are the prime factors of h(j)?
3, 5
Let w = -9 - -14. Suppose -2 = b - 3*b, 36 = -w*g - 4*b. Let v = 21 + g. What are the prime factors of v?
13
Let i be ((-12)/4)/(2/(-2)). Suppose -i*r + 19 = 4*x, 0 = x - 0*x + 2*r - 6. Suppose -15 = -x*w + 5. What are the prime factors of w?
5
List the prime factors of 7/(28/128)*1.
2
Let j(p) = -6*p**2 + 2*p + 51*p**3 + 7*p**2 - p**2 - 1 - p**2. What are the prime factors of j(1)?
3, 17
Suppose 0*b - 12 = -2*b + 5*a, -4*a = -4*b + 24. What are the prime factors of b?
2, 3
Let h = -7 - -10. Let s(v) be the second derivative of v**4/6 - v**3/3 - 3*v**2/2 + 8*v. What are the prime factors of s(h)?
3
Let c(u) = u**3 + 10*u**2 + 12*u + 13. Suppose 0 = 2*t + 2*t + 4*h + 36, -4*t - h - 36 = 0. Let f be c(t). Let r = -8 - f. List the prime factors of r.
2, 3
Let f = 45 - 11. Let y = -20 + f. What are the prime factors of y?
2, 7
Let c be ((-6)/7)/(2/14). Let b be 34 - -3*c/(-9). Let k = -26 + b. List the prime factors of k.
2, 5
Let l(d) = 7*d + 2. Suppose -8 = -4*z - 0. List the prime factors of l(z).
2
Let d = 3 + -8. Let x be (d + 3)*(1 - 3). What are the prime factors of (x/3)/((-2)/(-3))?
2
Let n(q) = -5*q - q**3 + 1 + 2 + 1 + 9*q**2 - 3*q**2. What are the prime factors of n(4)?
2
Let h = 78 + -42. What are the prime factors of h?
2, 3
Suppose -3*d = -90 - 3. Let g = d + -17. List the prime factors of g.
2, 7
Suppose 0*z + 2*z = 0. Suppose z = c + 4*n - 22, 0*c - 3*c + 31 = 5*n. Suppose 3*y = c*b - 21, 2*y - 27 = -2*b - y. What are the prime factors of b?
2, 3
Let n = 27 - -7. What are the prime factors of n?
2, 17
Suppose 3*s + 15 = 0, -5*s - 41 = -3*z - z. Suppose -131 = -5*c + 4*v, z*c + 5*v - 80 = 2*v. List the prime factors of c.
23
Suppose 3*w - 6 = -0*w. Suppose -w*o + 20 = -0*o. Let f = o - 5. List the prime factors of f.
5
Let i be (-1 + 0)/(2/(-10)). Suppose 6*r - 3*r - i*t = 91, -98 = -4*r + 2*t. Suppose j - r = -j. List the prime factors of j.
11
Let h(f) = -f + 1. Let m = 4 - 1. Let z be h(m). List the prime factors of z*(-14)/4 + 1.
2
Suppose -2*u - 2*p = -12, 0 = -2*u + 5*u + 2*p - 17. Suppose -26 = -u*a + 9. List the prime factors of a.
7
Let j = -22 - -17. What are the prime factors of (18/j)/((-11)/55)?
2, 3
Let b = 27 - 19. Suppose s - b = 3*k, 2*s = 5*k + 6 + 6. Let d = 18 + k. What are the prime factors of d?
2, 7
Let g(k) = -k**3 - 3*k**2 - 3*k. Let v be g(-2). Suppose y + 10 = 4*y - 2*n, n = 4*y - 5. Suppose y = 3*r + v*r - 45. What are the prime factors of r?
3
Let k(z) = -z + 13. Let o(m) = -2*m - 6. Let t be o(-8). Let f be k(t). Suppose f*h = 5 + 28. What are the prime factors of h?
11
Let t be (-6)/15 - (-10)/25. Suppose -23 = -4*d - k, 3*k = -2*d - t*d - 1. List the prime factors of d.
7
Let t = 44 - -53. List the prime factors of t.
97
Suppose 7*s = 3*s - 4*n + 164, 2*n + 148 = 3*s. List the prime factors of (-26)/(-13)*s/4.
23
Suppose -4*j + g + 8 = 0, -j - 2*g + 2 = -0. Suppose -4*s = -j*t - 20, -t + 1 - 3 = 0. Let k(y) = y**2 - 3*y + 2. List the prime factors of k(s).
2, 3
Suppose 8 = 3*p + p. Suppose -f - 5*k + 12 = -p*k, 9 = 4*f - k. Suppose -f*s + 25 = 4. List the prime factors of s.
7
Let j(a) = -2*a + 1. Suppose 0 = -3*c - 2*t + 36, t = c + 5*t - 2. Le